common divisor of h and 1188?
66
Let r be (-7)/((-77)/44) + (1 - 6). Let o be (99 - r) + (-46 - -54). What is the highest common factor of 24 and o?
12
Let c(t) = -36*t**3 - 25*t**2 - 76*t + 25. Let l be c(-3). Calculate the greatest common factor of l and 40.
40
Suppose -26 - 49 = 25*c. Let t be -106*(c + 56/(-16)). What is the highest common divisor of t and 26?
13
Let c = -521 - -86. Let g = -307 - c. Calculate the greatest common divisor of 32 and g.
32
Suppose 2*n + 2*h + 8 = 0, 2*n + 4*h + 6 = 2. Let g(w) = -w**3 - 2*w**2 + 9*w + 6. Let j be g(n). What is the greatest common divisor of j and 64?
32
Let g = 13 + 8. Let p be -1 + (-26)/(-22) - 1479/(-33). Let n = p + -24. What is the greatest common divisor of n and g?
21
Suppose -23*o - 3*f = -20*o - 2712, 0 = o + 4*f - 886. Calculate the highest common divisor of o and 280.
70
Suppose -2*j - j - 87 = i, -4*j = 0. Let g = 103 + i. Let c = g + -14. Calculate the greatest common factor of c and 5.
1
Let d be (2 - (-22)/(-4))*-14. Let c = -1782 + 1789. What is the highest common divisor of c and d?
7
Let l = -118 - -118. Suppose -5*z + 2*z - 4*n + 139 = l, 2*z - 94 = -2*n. Calculate the highest common divisor of z and 7.
7
Let d = 2822 - 596. Calculate the highest common factor of 42 and d.
42
Suppose -2*z - 9 = -7*z + 2*o, 3*z - 2*o - 3 = 0. Suppose -l = -k - z*k - 160, -5*k - 10 = 0. Calculate the highest common factor of 19 and l.
19
Suppose 0 = -3*r - 5*j - 127, -4*r = r + 3*j + 217. Let a = -19 + 11. Let g = a - r. What is the greatest common divisor of 4 and g?
4
Let b = 18938 + -15313. What is the greatest common divisor of 1250 and b?
125
Suppose -155*v + 6*v = -84334. What is the greatest common divisor of 2 and v?
2
Let h(t) = t**3 - 2*t + 3. Let d be h(0). Let l be 60*((-26)/(-10) - d). Let b be ((-8)/l)/(2/48). Calculate the greatest common factor of b and 4.
4
Suppose 0 = -g + 3*q - 3, -2*g + 4*q - 4 + 2 = 0. Let u = 176 + -169. Suppose -u*z + 84 = 7*z. What is the greatest common factor of z and g?
3
Suppose -p - 9 = -2*y, 5*p + 2*y - 7 = -y. Let v be -1 - (-15 + -1) - p. What is the highest common factor of v and 320?
16
Let c be (-12 - 112/(-14))*((-34)/4)/1. Calculate the highest common factor of 1530 and c.
34
Let d be (-3 + (-1788)/8)*(952/(-51) - -18). What is the highest common factor of 1 and d?
1
Let n(r) = -r**3 + 7*r**2 + 6. Let y be n(7). Let x be (-25 + (-3542)/(-110))/(-6*2/(-330)). What is the highest common divisor of y and x?
6
Let r = 419 + -205. Let a = r - 138. Suppose -88 = -2*f - 12. Calculate the greatest common divisor of f and a.
38
Let l(m) = -3*m + 140. Let u = -203 - -238. Let r be l(u). Let v be (-278)/(-4) + 2/4. What is the highest common divisor of r and v?
35
Let f(v) = 6*v + 7. Let y be f(22). Suppose 3*m - y = d, -3*m - 5*d = -m - 70. Let i be 2/3 - (-43)/3. What is the greatest common factor of m and i?
15
Let r be ((-12)/5)/((-28)/(-70)) + 111 + -7. What is the highest common divisor of r and 329?
7
Suppose -24*n = 15*n - 1014. Let c be (-3 + -940)/(3/3). Let u = -657 - c. What is the highest common divisor of n and u?
26
Let z = -72 + 71. Let r(w) = -14*w + 40. Let v be r(z). What is the greatest common divisor of v and 567?
27
Let h(l) = 1439*l - 417. Let v be h(2). What is the highest common divisor of v and 23?
23
Suppose 50*j - 162603 + 183955 = 569352. What is the highest common divisor of j and 32?
16
Let c(y) = -y**3 + 28*y**2 - 89*y + 3. Let u be c(22). Calculate the highest common divisor of 169 and u.
13
Let j(n) = 69*n + 3407. Let b be j(-49). What is the greatest common divisor of 2327 and b?
13
Suppose -4*l = x + 2, -2*l = 7*x + 14 - 78. Suppose 56 = -5*h + 2*j, -2*h - j = -2*j + 23. Let k be h/(-1)*3/1. Calculate the greatest common factor of k and x.
10
Let o be 69 - ((-2)/(-12) + (-98)/84). Let t(d) = d**2 + 15*d - 19. Let z be t(-16). Let j be 40/(-6)*z/2. Calculate the highest common factor of o and j.
10
Suppose -405*q - 3795 = -428*q. Let a be 177/12 - (-2)/8. What is the greatest common divisor of q and a?
15
Let u(o) = o**2 + 3. Let g be u(-4). Suppose q = 5*b + 2*q - 57, 9 = b - q. Let i be 5*b - (-11 + 63/7). What is the greatest common factor of i and g?
19
Suppose -371 = -16*h + 157. Let k(x) = 2*x - 8. Let g be k(5). Suppose -3*c - 4 - 27 = -g*b, 2*c = 2*b - 28. What is the greatest common factor of h and b?
11
Let a(z) = -27*z + 3. Let n be a(-3). Let d = -829260 - -829736. What is the highest common factor of n and d?
28
Let l(i) be the third derivative of 3/20*i**5 - 1/24*i**4 + 34*i**2 - 5/6*i**3 + 0*i + 0. Let n be l(-5). Calculate the greatest common divisor of n and 25.
25
Let g be ((-21)/(-14))/(9/30). Let n = -72 - -157. Calculate the greatest common factor of g and n.
5
Let s(f) = 5*f - 65. Suppose -220 = -11*j - 11. Let x be s(j). Let o(r) = -r**3 - 5*r**2 + 6. Let c be o(-9). What is the highest common divisor of c and x?
30
Suppose 10*d + 2*i - 99 = 15*d, -3*d = 5*i + 47. Let q(l) = -38*l - 102. Let s be q(d). Calculate the greatest common divisor of 62 and s.
62
Suppose 8*k - 10 = 3*k, -5*v - 4*k = -648. What is the highest common factor of v and 1?
1
Let g be (-5)/(60/(-68))*2823. Let p be (-10)/12 - g/(-102). Calculate the highest common divisor of p and 117.
39
Let c(l) = 637*l + 10195. Let y be c(-16). Let u be (-9)/(3*1/(-4)). Let d = u + 15. Calculate the highest common factor of y and d.
3
Let v = -6534 + 6546. What is the greatest common factor of 129 and v?
3
Suppose 22*o - 67 = 263. Let p be -70*o/((-300)/16). Calculate the greatest common divisor of 84 and p.
28
Let g = -611 + 836. Calculate the greatest common divisor of g and 1275.
75
Let d = 157 - 127. Let a = d - 6. Let x be 2/8 - 92/(-16). What is the highest common factor of a and x?
6
Let r be 4/(-22) - 120/(-55). Suppose -18 = -r*k - 0*k. Let g = 351 + -333. Calculate the greatest common divisor of g and k.
9
Let v be 12 - (-8)/20*-20. What is the greatest common divisor of 1676 and v?
4
Let k = -16 - -25. Let i(b) = -3*b - 13. Let a be i(-26). Suppose 5*t - a = 5*c, -5*c = -2*c + 12. What is the highest common factor of k and t?
9
Suppose -77*g = -76*g - 29. Let i be (2*-764)/(-4) - 3. Suppose i = 5*b - 56. What is the highest common divisor of g and b?
29
Let n(b) = -92*b - 25622. Let h be n(-280). Suppose 2*d - 368 = d. What is the greatest common factor of h and d?
46
Let s = 14248 - 13585. What is the greatest common factor of s and 156?
39
Let m be 3/4 - (-3429)/36. Let c = -88 + m. Let i = -24 + 30. Calculate the highest common divisor of i and c.
2
Let a(u) = -410*u**3 + 5*u - 4. Let p be a(1). Let r = -388 - p. What is the highest common divisor of 63 and r?
21
Let o be (18/(-4))/(-2 - 15/(-6)). Let b be (o/12)/((-7)/280). What is the highest common factor of 105 and b?
15
Let s(c) = -3*c**3 + 1239 + 1242 - 5*c + 21*c**2 - 2484. Let h be s(6). What is the highest common divisor of 15 and h?
15
Let g be (0 + 54/45)/(6/(-15)). Let c be g + 116/(-6)*75/(-2). Calculate the greatest common divisor of 38 and c.
38
Suppose 2 = 2*z, -11*j + 15*j - 3387 = 5*z. Calculate the highest common factor of 954 and j.
106
Let w = 38 + -36. Let x = w + -1. Let i be (50/(-4))/(x/(-2)). What is the highest common factor of i and 5?
5
Let v be (-21 + 803)/23 + -19. What is the greatest common factor of 1011 and v?
3
Suppose -269 = 4*b + 7. Let z = 82 + b. Suppose 0 = u - 2*u + 91. Calculate the greatest common divisor of u and z.
13
Suppose -58749 = -11*m + 28899 + 43472. What is the greatest common divisor of m and 80?
80
Let p = -173 - -168. Let a(h) = h**3 + 9*h**2 - 10*h - 14. Let y be a(p). Suppose 3*o = -o + 32. What is the highest common factor of y and o?
8
Suppose -73*b + 64*b + 516 = -537. What is the greatest common divisor of b and 624?
39
Suppose 552 = -4*z + 624. Let q be (-26)/117 - (-490)/z. What is the highest common divisor of 15 and q?
3
Suppose 2*n - 7*n = -50. Suppose 2*j - 4*j + n = 0. Let z be (-6)/15 - ((-260)/(-25))/(-1). Calculate the greatest common factor of j and z.
5
Let f be (2070/3)/(58 + -57). Calculate the greatest common factor of 48 and f.
6
Let i be (8/(-6))/(220/(-165)). Calculate the greatest common divisor of 769 and i.
1
Let m be (-9)/(-6)*1482/9. Suppose 5*n = 4*b + 542, n + 4*b + 8 = 150. What is 